 of m and 114.
6
Let j = -34 + 214. Let t = j - 172. What is the greatest common divisor of 1 and t?
1
Suppose -6*o = -3*o - 12. Suppose -3*a + 264 = 5*b, 4*a - 352 = -2*b + o*b. Suppose 17*g - a = 6*g. Calculate the greatest common factor of 104 and g.
8
Let u(c) = 7*c + 54. Let i be u(-5). Let o = 2144 + -1441. Calculate the greatest common divisor of o and i.
19
Let p be 3*-4*(-19)/6. Let g(r) = -2*r**2 + 38*r - 62. Let y be g(17). What is the greatest common divisor of y and p?
2
Suppose 3*y - b = 4*b - 115, -2*b = 2. Let f = y - -72. Let h be ((-20)/(-3))/((-2)/(-24)). Calculate the greatest common divisor of f and h.
16
Suppose 1046 - 1064 = r. Let w be (-1)/(-2) + (-819)/r - 1. What is the highest common factor of 261 and w?
9
Let w be (-358160)/(-888)*(-324)/(-10). Calculate the highest common factor of 11 and w.
11
Suppose -5609452 = -319*k - 959077 + 57427. What is the greatest common divisor of k and 94?
94
Let y = -24 + 40. Let a be 22/10 + -2 + (-21308)/140. Let c be 19/a + 290/y. Calculate the highest common divisor of 18 and c.
18
Suppose 5*h - 3*q = -8*q + 35, 5*h = 5*q + 5. Suppose 0 = z + h*n - 65, 77 = -3*z - 3*n + 272. Calculate the highest common factor of 13 and z.
13
Let s = 34714 - 34681. Let t(q) = q**3 - 4*q**2 + 3*q - 6. Let p be t(4). What is the highest common factor of s and p?
3
Suppose l + 17798 = 4*i + i, 5*l = -4*i + 14250. What is the highest common divisor of 40 and i?
40
Suppose -4*d - 2*z = 1047 - 3147, 3*d - 1569 = -3*z. Let o = d - 473. Calculate the highest common divisor of o and 27.
27
Let v(j) = -75 - 68 - 53 + j + 234. Let f be v(-11). Let b be (-2)/(-4)*(-60)/(-10). Calculate the greatest common divisor of b and f.
3
Let a be (40/60)/(0 - 1)*-18. Suppose x - 3*x - 3*k = -357, 196 = x - 2*k. What is the highest common divisor of x and a?
6
Let n be 1/((-1)/(-3)*(9 - 6)). Let h(g) = -26*g**3 + g**2 - 2*g + 1. Let q be h(n). Let p = q - -51. Calculate the greatest common divisor of p and 5.
5
Suppose 26 = t - 3. Suppose 0 = 2*v + 3*h - 23, 3*v - 8 - t = -5*h. What is the highest common divisor of 32 and v?
4
Let j be -2 + (-17966)/(-18) - (-2)/(-14 + -4). What is the greatest common factor of 84 and j?
12
Suppose 0 = o - p + 6*p - 35, -2*p = 3*o - 66. Suppose o = -3*b + 4*b. Let n = -13 - -23. What is the greatest common factor of b and n?
10
Let a be 1*(-5 + (-30)/(-5) + -4). Let z be 21/(-14) + a/6 - -218. What is the highest common divisor of 8 and z?
8
Let x(a) = 2*a - 6. Let c be x(4). Let u be (-7)/c*3*120/(-7). Let w = 324 - u. What is the highest common divisor of w and 18?
18
Suppose -51*w + 58*w = 203. Suppose 42 = -28*d + w*d. Suppose -a + 11 - 5 = 0. What is the highest common factor of d and a?
6
Let b = -569 + 924. Suppose 5*s + 0*s - b = -2*i, -5*s = i - 175. What is the greatest common factor of 40 and i?
20
Let n = 22663 - 18303. What is the greatest common divisor of 120 and n?
40
Suppose -2*y + c + 226 = 0, -440 = -265*y + 261*y + 5*c. Calculate the highest common factor of 15 and y.
5
Let x = 6564 - -3768. What is the highest common divisor of x and 164?
164
Let f(a) = a**2 + 29*a - 564. Let y be f(30). Calculate the highest common divisor of y and 2144.
134
Suppose 0 = 4*k + 5*m + 2404, 2*m = 2*k - m + 1202. Let b = 666 + k. Calculate the greatest common divisor of 780 and b.
65
Let g(h) = -16*h - 23. Let b be g(7). Let d(u) = 22*u + 63. Let z be d(-3). Let x be (315/(-12))/(b/40 - z). What is the highest common divisor of x and 14?
14
Let i be 210/(-12)*8/(-10). Let d be (-7)/49 - (-6008)/i. Suppose 0 = 24*p - 17*p - 273. Calculate the greatest common divisor of d and p.
39
Let v be -2 - 0 - 74*1/(-1). Let l = v + -70. Let t = -5 - -7. Calculate the highest common factor of t and l.
2
Suppose -9*c - 892 = -13*c. Let i be (-16)/(-14)*c - 8/(-56). What is the greatest common factor of i and 15?
15
Suppose 3*t - 5009 = -3*s + 3472, 0 = 5*t + 4*s - 14140. What is the highest common factor of t and 649?
59
Let a(p) be the first derivative of -p**3/3 + 2*p**2 + 56*p - 18. Let c be a(6). Calculate the highest common divisor of c and 33.
11
Suppose -132*s = -69708 + 14532. What is the greatest common divisor of 55 and s?
11
Let c = 15 - 9. Let f = c - -12. Suppose 22*n + 648 = 28*n + 30*n. What is the highest common factor of n and f?
18
Suppose -2*h - 47 = -s, 2*h = -3*s - h + 159. Let o = 98 - s. Suppose -5*b - 5*j = -840, -4*j + o = 2*b - 289. What is the highest common divisor of 21 and b?
21
Suppose -2138 = 5*r - 123. Let d = r - -497. Calculate the highest common factor of 1034 and d.
94
Let b = -23 + 8. Let y = b - -52. Suppose 47645*v = 47637*v + 2368. What is the greatest common factor of v and y?
37
Let g be ((-19)/(342/(-1782)))/1. What is the highest common divisor of 407 and g?
11
Let n(t) = -t**3 - 30*t**2 - 215*t + 85. Let x be n(-18). What is the greatest common factor of 19631 and x?
67
Let h be 975/60 + 0 + -1*(-2)/(-8). What is the highest common divisor of 3328 and h?
16
Let w(i) be the second derivative of i**5/10 + i**4/4 - 7*i**3/6 - i**2/2 + 15*i. Let h be w(3). Let j = -55 + h. What is the highest common factor of j and 10?
2
Let t = 103 + -92. Suppose b = n + t, 5*n = -4*b + 20 + 15. Calculate the greatest common divisor of b and 480.
10
Suppose -145 = -l + 5*k, -418 = -3*l + 42*k - 44*k. Calculate the greatest common divisor of l and 24.
4
Let d = -168 - -174. Suppose 0 = -r - 4*r + 30. What is the highest common divisor of r and d?
6
Let h(p) be the first derivative of 7 - 3*p**2 + 8/3*p**3 - 5*p. Let j be h(5). What is the highest common factor of j and 33?
33
Let h(a) = 2*a**2 + 57*a - 1148. Let w be h(-44). What is the highest common factor of 2256 and w?
24
Let f be 133/38*2 + 9. What is the greatest common factor of f and 4504?
8
Let f = -15635 - -16371. What is the greatest common divisor of f and 322?
46
Let o(u) = -5*u + 20. Let s be o(0). Let b = -6 + 346. What is the highest common divisor of b and s?
20
Let u = 63 + -62. Let b(s) = 8 + 15 + 150*s - 29. Let k be b(u). Calculate the greatest common divisor of k and 18.
18
Suppose d - 24 = -3*d. Suppose -68*j = -39*j - 116. Let u be j + 4 + 38 + 8. What is the greatest common factor of u and d?
6
Let x(w) = -w**2 - 13*w + 13. Let h be ((-1)/(-1))/((-22)/220). Let i be x(h). Calculate the highest common divisor of i and 301.
43
Suppose 25 = 2*i + 5*t, -5*i + 0*t = 4*t - 20. Suppose -176*v + 183*v - 63 = i. Calculate the highest common factor of v and 873.
9
Suppose 12*x - 261 = -32*x + 8275. What is the greatest common factor of x and 5917?
97
Let j = 8 + 8. Let z be (11/(22/(-68)))/(2/(-16)). Calculate the highest common factor of j and z.
16
Let r = -7351 - -7403. What is the highest common factor of 767 and r?
13
Let f be (-2046)/(-31) - (-27)/(-3). Suppose -f*g = -17*g - 16320. What is the greatest common factor of 24 and g?
24
Suppose -170 = -17*m + 697. Suppose -4*k - 4*p + 0*p = -16, 5*p = 5. What is the highest common divisor of k and m?
3
Suppose 65 + 7 = 8*t. Suppose 25*w - 4000 = t*w. Calculate the greatest common factor of w and 200.
50
Suppose 45955 = -369*w + 277318. Calculate the highest common divisor of 171 and w.
57
Suppose 347*q - 349*q + 240 = 0. Let j(p) = p + 32. Let w be j(-12). Calculate the highest common factor of w and q.
20
Suppose 16 = q + 4*t, 4*t + 81 = 3*q + 5*t. Suppose 21*z - 93 = 1377. What is the highest common factor of z and q?
14
Suppose 7 + 1 = 2*b. Let p(d) = -d**2 - 12*d + 49. Let h be p(-15). Suppose -2*x = 10, -h*c = -2*c - b*x - 26. What is the greatest common divisor of 3 and c?
3
Suppose 3339 + 366 = 19*g. Let i = g - -208. What is the highest common divisor of 31 and i?
31
Let a(m) = 71*m - 877. Let r be a(13). What is the highest common divisor of r and 529?
23
Let n = 30 + -11. Suppose -34*y + n*y + 1680 = 0. What is the greatest common divisor of 7 and y?
7
Let t be (-2640)/297 + (-1)/9. Let l be (4 + 663/t)*9/(-3). What is the highest common divisor of 11 and l?
11
Let h be 2364/4*(-3 - -2). Let p = h - -753. What is the greatest common factor of p and 6?
6
Suppose y = 46 + 25. Suppose 0 = l, -4*f = -5*l - 323 + y. What is the greatest common factor of 168 and f?
21
Let k = 13030 - 12125. Calculate the greatest common factor of k and 30.
5
Let x b